 - n. What are the prime factors of v?
2, 3, 23
Suppose w + 5 = -2*g, 1 = 3*w - 4*g - 24. Suppose -5*x + 25 = 0, -p + 0*x - w*x = -77. What are the prime factors of p?
2, 31
List the prime factors of -15076*(-6)/216 + 4/18.
419
Let t = -28 - -31. Suppose t*j - 34 = 20. What are the prime factors of j?
2, 3
Let p = 39 + -33. Suppose 5*v + 205 = 3*j, p*j - j - 5*v = 355. What are the prime factors of j?
3, 5
Let q = -41 - -4. Let w = q + 62. Suppose -68 = w*j - 26*j. What are the prime factors of j?
2, 17
Let w = -630 - -950. What are the prime factors of w?
2, 5
Let q = 30 + -22. Suppose q*j = j - 105. Let n = j - -37. List the prime factors of n.
2, 11
Suppose 69*d - 2146 - 65888 = 0. What are the prime factors of d?
2, 17, 29
Suppose 0 = -q + h - 120, 0*h - 582 = 5*q + 4*h. Let v = q - -191. List the prime factors of v.
73
Let c(u) = -331*u - 3. Let p be c(-1). Let g = p - 190. List the prime factors of g.
2, 3, 23
Suppose 0 = -9*w + 10*w - 65. Suppose -w - 31 = -6*z. List the prime factors of z.
2
Suppose -49*x = 3299 - 247515. What are the prime factors of x?
2, 7, 89
What are the prime factors of (-1*24/9)/(8/(-1788))?
2, 149
Let u = 1108 - -154. What are the prime factors of u?
2, 631
Let b = -11 - -16. Let x = b - 7. What are the prime factors of 147/12 + x/8?
2, 3
List the prime factors of 12/(-36) - 4188/(-9).
3, 5, 31
Let n(i) = -i**3 - 32*i**2 + 14*i + 74. List the prime factors of n(-33).
701
Let x(c) = -12*c**2 + 4 + 11*c**2 - 15*c - 1. Suppose -i - 4 = -0, -2*y - i - 28 = 0. What are the prime factors of x(y)?
3, 13
Suppose 28 = 5*q + 8. Suppose 2*t - 305 - 61 = 4*c, -q*t - c = -750. What are the prime factors of t?
11, 17
Suppose 0 = 37*q + 237 - 19588. What are the prime factors of q?
523
Suppose -3*w + g - 3 = -59, -4*g = 20. Let a(k) = 6*k - 66. Let u be a(13). Let o = w - u. What are the prime factors of o?
5
List the prime factors of (0 - 326)/(9 - 2483/273).
3, 7, 163
Suppose 2*g = -3*v + 397 + 350, 5*v - 391 = -g. Suppose 4*m - 422 = g. What are the prime factors of m?
197
Let c = -1819 + 4502. What are the prime factors of c?
2683
Let q be (3/2)/(12/72). Let x = 119 - q. What are the prime factors of x?
2, 5, 11
Let v(w) = 205*w - 8. List the prime factors of v(1).
197
Let a(g) = g**3 - 3*g**2 - g - 4. Let w be a(4). Suppose -w*o - 3*o = -44. List the prime factors of o.
2
Let d = -564 + 1120. List the prime factors of d.
2, 139
Let o(y) = -y**2 - 10*y - 7. Let r be o(-8). Let k be -4*5*(1 + -2). Let x = k - r. What are the prime factors of x?
11
Suppose v = -t - 4*t + 1, 4 = 4*v. Suppose -5*u + 6*h + 30 = h, t = 4*u - h - 33. What are the prime factors of u?
3
Let m(f) = f**3 - 3*f**2 + 9*f - 11. Let r = -68 + 73. What are the prime factors of m(r)?
2, 3, 7
Let o be (-7)/(-14)*(1 + -1). Suppose -126 = -o*x - 2*x. Let c = x + -33. List the prime factors of c.
2, 3, 5
Suppose -w + 5*m = 8, 5*w - 16 = -0*w - 3*m. Suppose 1 = -w*r - 5*y + 10, -y = r - 12. What are the prime factors of r?
17
List the prime factors of (-35)/14*(2 + 0) - -428.
3, 47
What are the prime factors of 20/(-40) + (-8918)/(-4)?
3, 743
Suppose 0 = 3*d - m - 3563, -3454 = -5*d - 5*m + 2491. List the prime factors of d.
2, 3, 11
What are the prime factors of (-501)/(-1) - (-5 - 0)?
2, 11, 23
Let z(d) = -5*d + 23. Let i be z(-18). Suppose 3*v = -4*n + i, 0*v - v = 3*n - 31. What are the prime factors of v?
43
Suppose 0 = 3*r - 2*b + 10, -3*r - 12 = -b - 2*b. Let m = 7 + r. Suppose m*h - k = 100, -h = 4*k - 28 - 13. List the prime factors of h.
3, 7
Let d(c) be the first derivative of -c**4/12 + 19*c**3/6 - 11*c**2/2 + 7. Let o(l) be the second derivative of d(l). List the prime factors of o(-11).
41
Suppose 0 = -v + u + 3649, -18*v + 5*u - 14596 = -22*v. List the prime factors of v.
41, 89
Let g be 2 - (-3 - (0 - 3)). Suppose -3*x - g*x = 3*t + 9, -3*x - 9 = 3*t. Suppose x = 3*u - u - 80. What are the prime factors of u?
2, 5
Let l = 62 + -60. Suppose v + 217 = l*s, 286 + 47 = 3*s + v. What are the prime factors of s?
2, 5, 11
Let t = -9 + 17. Suppose 3*v = t*v - 4*z - 323, 4*v - 274 = -2*z. What are the prime factors of v?
67
Let k = 3 + -6. Let g be k/9 - 3/(-9). Suppose 4*q - 3*z = 14, q - 2*z + 5*z - 11 = g. List the prime factors of q.
5
Suppose 2*z - z + 27 = 0. Let n = -7 - z. What are the prime factors of n?
2, 5
Let h(m) = m**3 - 6*m**2 + 8*m - 10. Let p be h(5). Suppose -5*z + 3*z - 6 = -4*g, 0 = -p*g + z + 15. Let y = 23 + g. What are the prime factors of y?
3
List the prime factors of (-31)/((-546)/90 - -6).
3, 5, 31
Let x = 30 - 26. Suppose s + 4*s - 182 = x*v, 0 = s + 2*v - 42. List the prime factors of s.
2, 19
Let a = -1723 + 5225. What are the prime factors of a?
2, 17, 103
Suppose -5 = -2*x - 5*c + 1, 3*x - 2 = -4*c. What are the prime factors of 90/12 + x/4?
7
Let q(m) = -30*m - 282. What are the prime factors of q(-17)?
2, 3, 19
Let x = 656 - 1034. Let i = x + 265. Let n = i + 160. What are the prime factors of n?
47
Suppose -r + 71 = 5*t, -7*r - t - 326 = -11*r. Let i be (-351)/(-12) - 3/(-4). Let w = r - i. List the prime factors of w.
3, 17
Suppose -4 - 2 = 3*f. Let y = f + -2. What are the prime factors of 1 + -6*(y - 3)?
43
Suppose 0 = 2*h + 13 - 5. What are the prime factors of (-8)/12*-24 + h?
2, 3
Suppose 21*k - 264 = 15*k. Suppose k = 4*j + 4. List the prime factors of j.
2, 5
Suppose -83 - 79 = 6*w. Let k = 149 + w. Let q = 194 - k. What are the prime factors of q?
2, 3
What are the prime factors of -6 - (8 + -18) - (0 + -62)?
2, 3, 11
Let i(o) = -2*o**2 + 8*o + 9. Let p be i(7). Let v = 51 + p. What are the prime factors of v?
2, 3
Let o(r) = 6*r**2 - 5*r - 35. What are the prime factors of o(8)?
3, 103
Let r = 1088 - 169. What are the prime factors of r?
919
Suppose 0 = y - 8*y + 6524. List the prime factors of y.
2, 233
What are the prime factors of (1/2)/(-5 + (-41555)/(-8310))?
3, 277
Let i be ((-3)/(-2))/((-8)/(-1680)). Suppose 0 = -10*f + 5*f + i. List the prime factors of f.
3, 7
Let k(t) be the first derivative of t**4/4 - 5*t**3/3 + t**2/2 - t + 4. Let i(d) = -d**2 - 1. Let p(a) = 6*i(a) + k(a). List the prime factors of p(11).
2
Suppose 5*n - 5*c = 2385, -3*n - c + 1391 = 4*c. What are the prime factors of n?
2, 59
Suppose -122 = -7*i + 5*i. Suppose 3*t = -i - 23. What are the prime factors of t/210 - 664/(-30)?
2, 11
Let h(d) = 65*d**2 + 5*d + 6. What are the prime factors of h(3)?
2, 3, 101
Let i be ((3 - 2) + 2)/((-9)/(-192)). List the prime factors of (-3)/((-9)/(-6)) + i.
2, 31
Let s(d) = 16*d - 4. Let x = 0 - -7. Let y = x - 4. What are the prime factors of s(y)?
2, 11
Let a be 3 + -2 + 7 - 0/(-3). List the prime factors of 80 + 0 + -4 + a.
2, 3, 7
Suppose 2*j = 5*d + 1644 + 422, -3*j - 4*d = -3099. List the prime factors of j.
1033
Suppose -12*b + 2372 = -2836. List the prime factors of b.
2, 7, 31
Suppose -3*g + 17 = y, 6 = 4*g - 5*y - 4. Let u be 74/g + 19/95. Suppose t - 54 = -u. List the prime factors of t.
3, 13
Suppose 2*y - 15 + 9 = 0. Suppose y*r - 504 = -4*p - r, -r + 256 = 2*p. What are the prime factors of p?
2, 5, 13
Let a(g) be the second derivative of 5*g**3/2 - 11*g**2/2 - 12*g. What are the prime factors of a(7)?
2, 47
Let j(m) = m**3 - 5*m**2 + 5*m - 5. Let u = -30 - 5. Let g be (-1 - 0)/(7/u). List the prime factors of j(g).
2, 5
Let z(a) = 0*a - 5*a + 1 - 3*a**3 + 4*a**2 - 5 - 12*a**2. Let s be z(-5). What are the prime factors of s/4 + 1 + 1?
3, 17
Let m = 501 - 84. List the prime factors of m.
3, 139
Let i = 5 - 8. Let b be i/(-5) - (-81)/15. Suppose c + 2*c = b. What are the prime factors of c?
2
Suppose 3*s + 3 = 6*s. Let m(p) = -2*p**2 - 2 - 348*p - 3*p**3 + 10*p**3 + 351*p. List the prime factors of m(s).
2, 3
Let c(d) = 5*d - 6. Let w be c(4). Suppose y + 2*v - w = 0, y = 2*v + 47 - 13. Suppose 4*b = -f + 6*f + y, -4*f = -b - 5. What are the prime factors of b?
11
Suppose -12*v - 8*v + 29460 = 0. What are the prime factors of v?
3, 491
Suppose -304 = 3*v - 5*g, 2*g - 3*g = -2. Let m = v + 224. List the prime factors of m.
2, 3, 7
Suppose -5*u = 5*m - 25, 0 = -u - 4*m - 0*m + 5. Suppose 0 = -0*h + h - u. Suppose 0 = -h*w - 27 + 132. What are the prime factors of w?
3, 7
List the prime factors of (-1090)/(-4) + 25/50.
3, 7, 13
Let n be -2 - (-762 - 1)*1. Suppose 6*l + 179 = n. Sup